f 9?
False
Does 483 divide 583226?
False
Is 1233280 a multiple of 235?
True
Is 23 a factor of 15751?
False
Does 24 divide 96808?
False
Is 1754335 a multiple of 2101?
True
Is 160626 a multiple of 139?
False
Does 360 divide 447557?
False
Does 25 divide 60148?
False
Does 132 divide 582246?
False
Is 2638233 a multiple of 14?
False
Does 2 divide 25535?
False
Is 317 a factor of 88443?
True
Is 143 a factor of 1766029?
False
Is 463740 a multiple of 236?
True
Does 247 divide 449793?
False
Is 2861423 a multiple of 17?
True
Is 3126043 a multiple of 610?
False
Is 10 a factor of 3242440?
True
Is 205 a factor of 3995655?
True
Is 97 a factor of 382376?
False
Does 4 divide 30169?
False
Does 8 divide 24944?
True
Is 432404 a multiple of 24?
False
Does 209 divide 2911161?
True
Does 89 divide 282664?
True
Does 431 divide 600814?
True
Does 161 divide 309925?
True
Is 28 a factor of 3744365?
False
Does 5 divide 218473?
False
Is 2087043 a multiple of 3?
True
Does 70 divide 2946152?
False
Is 174086 a multiple of 82?
True
Is 139 a factor of 53078?
False
Is 224147 a multiple of 71?
True
Is 146 a factor of 99426?
True
Does 265 divide 8188765?
True
Is 621 a factor of 7915620?
False
Is 34677541 a multiple of 199?
True
Is 8 a factor of 6487?
False
Does 153 divide 68032?
False
Does 6 divide 27150?
True
Is 35 a factor of 872234?
False
Does 4 divide 186572?
True
Does 31 divide 282844?
True
Is 554521 a multiple of 16?
False
Is 6943528 a multiple of 21?
False
Does 1292 divide 2510356?
True
Is 26 a factor of 2054156?
True
Does 124 divide 258044?
True
Does 12 divide 1583675?
False
Is 21 a factor of 817084?
False
Is 637496 a multiple of 72?
False
Is 1856900 a multiple of 25?
True
Does 9 divide 10394473?
False
Is 13500240 a multiple of 80?
True
Does 242 divide 1167166?
True
Is 64 a factor of 82311?
False
Is 28 a factor of 4850272?
True
Is 13306619 a multiple of 31?
False
Does 81 divide 436752?
True
Is 99504 a multiple of 16?
True
Does 156 divide 2773032?
False
Does 11 divide 3081716?
True
Does 21 divide 87780?
True
Is 1957120 a multiple of 320?
True
Is 202 a factor of 776690?
True
Is 9 a factor of 6494946?
False
Is 20321581 a multiple of 2599?
True
Is 393210 a multiple of 102?
True
Is 242887 a multiple of 8?
False
Does 586 divide 3449196?
True
Does 23 divide 1008001?
False
Is 109 a factor of 7521?
True
Does 14 divide 108830?
False
Is 1298101 a multiple of 287?
True
Is 346995 a multiple of 165?
True
Is 165 a factor of 35727?
False
Is 2267855 a multiple of 72?
False
Is 20 a factor of 1979840?
True
Does 137 divide 2307217?
True
Does 154 divide 144746?
False
Is 64 a factor of 959612?
False
Is 1648856 a multiple of 41?
True
Is 113 a factor of 111079?
True
Is 15721 a multiple of 33?
False
Is 30 a factor of 25282860?
True
Does 129 divide 2154838?
False
Does 31 divide 1197697?
False
Is 13 a factor of 245465?
False
Is 71 a factor of 505374?
False
Does 31 divide 196292?
True
Does 104 divide 27352?
True
Does 549 divide 11537728?
False
Is 125935 a multiple of 50?
False
Does 14 divide 4682510?
True
Is 350 a factor of 933000?
False
Is 33 a factor of 548790?
True
Does 237 divide 2748326?
False
Is 122 a factor of 2368874?
True
Is 112 a factor of 228480?
True
Does 471 divide 3149577?
True
Does 67 divide 362671?
True
Is 9 a factor of 2268243?
True
Is 27 a factor of 361216?
False
Is 45 a factor of 293832?
False
Does 594 divide 572416?
False
Is 28 a factor of 54292?
True
Is 23 a factor of 11749?
False
Is 1103041 a multiple of 370?
False
Does 9 divide 2352483?
True
Is 32508 a multiple of 6?
True
Is 60 a factor of 78600?
True
Is 2 a factor of 2186758?
True
Does 729 divide 538850?
False
Does 8 divide 108697?
False
Is 108576 a multiple of 34?
False
Does 244 divide 33672?
True
Is 114 a factor of 7980?
True
Is 34537 a multiple of 3?
False
Is 4052016 a multiple of 23?
False
Is 3187272 a multiple of 428?
False
Is 9 a factor of 324972?
True
Is 112 a factor of 279440?
True
Is 12644 a multiple of 31?
False
Does 47 divide 195708?
True
Is 60 a factor of 1312932?
False
Is 13113 a multiple of 12?
False
Is 40175 a multiple of 67?
False
Does 350 divide 8179335?
False
Is 186 a factor of 1025893?
False
Is 67 a factor of 592764?
False
Does 15 divide 4892955?
True
Does 22 divide 1738?
True
Is 90 a factor of 557749?
False
Is 94 a factor of 5908934?
True
Does 71 divide 1276921?
False
Is 50 a factor of 330655?
False
Is 189 a factor of 23058?
True
Does 1145 divide 3385944?
False
Is 393932 a multiple of 44?
True
Is 7 a factor of 1521860?
False
Is 43852 a multiple of 107?
False
Is 894447 a multiple of 29?
True
Is 262 a factor of 169413?
False
Is 1180102 a multiple of 375?
False
Is 660850 a multiple of 10?
True
Is 3 a factor of 66544?
False
Is 12 a factor of 2174016?
True
Is 78 a factor of 373620?
True
Is 2097600 a multiple of 76?
True
Is 35 a factor of 466550?
True
Is 63240 a multiple of 170?
True
Does 390 divide 1312740?
True
Is 71 a factor of 752667?
False
Is 288 a factor of 22216032?
True
Does 1625 divide 15110535?
False
Does 19 divide 121847?
True
Is 77 a factor of 138488?
False
Does 258 divide 180084?
True
Is 11 a factor of 837075?
False
Is 27 a factor of 17212068?
True
Is 635390 a multiple of 29?
True
Does 125 divide 3134125?
True
Is 806 a multiple of 2?
True
Is 99761 a multiple of 75?
False
Is 172 a factor of 441696?
True
Does 13 divide 1811626?
False
Does 32 divide 1662304?
True
Does 11 divide 16747302?
True
Does 21 divide 780843?
True
Does 233 divide 17941?
True
Does 134 divide 2943042?
True
Does 10 divide 46813?
False
Is 727888 a multiple of 134?
True
Is 250770 a multiple of 390?
True
Does 460 divide 1523618?
False
Does 210 divide 45360?
True
Does 13 divide 2256865?
True
Does 6 divide 50412?
True
Is 9 a factor of 138003?
False
Does 216 divide 22390585?
False
Is 18 a factor of 45628?
False
Is 606516 a multiple of 8?
False
Is 8 a factor of 37601?
False
Does 37 divide 329125?
False
Is 43 a factor of 897873?
False
Is 2 a factor of 57478?
True
Is 4 a factor of 82440?
True
Does 128 divide 228480?
True
Does 28 divide 970320?
False
Is 1211251 a multiple of 8?
False
Is 65 a factor of 227095?
False
Is 221375 a multiple of 2?
False
Is 619706 a multiple of 37?
False
Is 270 a factor of 1816020?
True
Is 9877194 a multiple of 18?
True
Is 249312 a multiple of 15?
False
Is 155 a factor of 540493?
False
Is 209 a factor of 947815?
True
Is 2859150 a multiple of 926?
False
Is 325776 a multiple of 22?
True
Does 33 divide 378573?
False
Is 35380 a multiple of 2?
True
Is 268417 a multiple of 19?
False
Is 1278689 a multiple of 55?
False
Is 612 a factor of 6815674?
False
Is 7 a factor of 42932?
False
Does 61 divide 5547462?
True
Is 149 a factor of 10300668?
True
Does 18 divide 528696?
True
Is 50 a factor of 320450?
True
Is 291 a factor of 45485?
False
Is 33 a factor of 2629970?
False
Does 76 divide 298908?
True
Is 271568 a multiple of 664?
False
Is 3580214 a multiple of 218?
True
Is 82492 a multiple of 41?
True
Does 161 divide 501837?
True
Does 21 divide 190470?
True
Is 693464 a multiple of 2?
True
Is 125 a factor of 140772?
False
Is 380832 a multiple of 8?
True
Is 57 a factor of 528618?
True
Is 4009880 a multiple of 40?
True
Does 183 divide 179710?
False
Is 1279598 a multiple of 33?
False
Does 18 divide 289818?
True
Does 4 divide 18174?
False
Is 314180 a multiple of 334?
False
Is 104355 a multiple of 20?
False
Is 153 a factor of 5050233?
False
Is 228 a factor of 113212?
False
Is 302750 a multiple of 725?
False
Is 1585130 a multiple of 39?
False
Does 1666 divide 2340671?
False
Is 9 a factor of 111457?
False
Does 496 divide 1960188?
False
Is 9 a factor of 509319?
True
Does 4 divide 596683?
False
Is 6 a factor of 11507?
False
Is 112071 a multiple of 170?
False
Is 284 a factor of 189162?
False
Is 8 a factor of 355640?
True
Is 10185 a multiple of 7?
True
Is 1346248 a multiple of 684?
False
Is 1038016 a multiple of 32?
True
Does 5 divide 1149317?
False
Is 118 a factor of 2300095?
False
Does 51 divide 608226?
True
Is 10 a factor of 13757570?
True
Is 19 a factor of 4476248?
True
Does 23 divide 8037823?
False
Is 100 a factor of 4575?
False
Is 2066920 a multiple of 25?
False
Is 8 a factor of 1210856?
True
Is 306434 a multiple of 15?
False
Is 112 a factor of 126672?
True
Does 33 divide 636793?
False
Is 167446 a multiple of 58?
True
Is 743544 a multip